a).
11
Let l(f) = f**3 - 7*f**2 + 4*f + 6. Let u be l(6). Let r(k) = 15*k**2 + 179422*k + 5 - 179426*k - 22*k**2 - 4*k**3 + 3*k**3. What is r(u)?
-7
Let l = 216 + -186. Let w(z) = 4 + l*z - 56*z + 27*z. Determine w(3).
7
Let s = 255 - 252. Suppose -8*m = -4*m - s*v - 22, -4*m + 20 = -4*v. Let l(r) = r**3 - 7*r**2 - 3*r + 10. What is l(m)?
-11
Let l(z) = 897*z + 1 + 0 + 459*z**2 - 900*z - 460*z**2 + z**3. Let o(m) = -m**2 - m + 3. Let r be o(0). Give l(r).
10
Let n(u) = 40 + 3*u**3 + 139*u**2 - u**3 - 126*u**2 + u**3 - 4*u**3 - 4*u. Calculate n(13).
-12
Let z(j) = -j**3 - 5*j**2 - 7*j - 5. Let f be (-1)/(-14 + 11 + (-28)/(-10)). Suppose -7*t = -f*t + 8. Give z(t).
7
Let l(y) be the third derivative of -y**5/60 + 5*y**4/8 - 49*y**3/6 - 1891*y**2. Determine l(8).
7
Suppose 7*t + 2085 + 2696 = 0. Let j be (t/(-7) - 3) + 8/(-14). Let l(u) = -3*u**2 + u**3 + j*u - 3 - 187*u + 97*u. Calculate l(2).
1
Let k(x) = -16 - 10*x**2 + 53 + 9*x**2 - 20 + 5*x - 21. Let j be -1 - -5 - (0 + 1). What is k(j)?
2
Let r(j) = -293*j + 45705. Let l be r(156). Let h(w) be the third derivative of w**6/120 + w**5/15 - w**4/24 - w**3/2 - 2*w**2. Calculate h(l).
9
Let k = -16096 - -16088. Let b(p) = -15*p - 120. Give b(k).
0
Let j = -7 - -18. Let l(g) be the second derivative of g**4/12 - 13*g**3/6 + 17*g**2/2 + g + 2113. What is l(j)?
-5
Let b(i) = i**2 - 2*i - 7. Let w(j) = j**2 + 33*j + 29. Let p be w(-8). Let n be p/(-33) - (-28)/(-154). What is b(n)?
8
Let y(h) = h + 8. Suppose -2*x = -31 - 5. Let a(o) = -o**3 + 18*o**2 - 2*o + 1. Let r be a(x). Let d be 5/r + (-13)/7 - 4. Calculate y(d).
2
Let f = -12048 + 12052. Let w(l) = -3*l**2 - 19*l + 114. Calculate w(f).
-10
Let w(q) = 10*q + 14. Let a = -1218 + 1215. What is w(a)?
-16
Let x(w) be the third derivative of 1/3*w**3 + 0 - 32*w**2 + 0*w - 1/6*w**4. Let f(i) = i**2 + 4*i - 7. Let c be f(-5). Determine x(c).
10
Let y = -32 - -35. Suppose -2*n - 6 = 0, 0*h - 5*h - 4 = y*n. Let q be -3 - (h - (-1 - (0 + -4))). Let d(c) = 9*c**2 + c. Give d(q).
8
Suppose 4*c = 3*a - 6, -4*a + 75 = 2*c + 111. Let z(k) be the second derivative of -7/2*k**2 - 1/6*k**3 + 0 + k. What is z(c)?
-1
Let m(s) = -s**2 - 21*s - 33. Let g(o) = 24*o - 1339. Let y be g(55). Determine m(y).
5
Let p be 3/((-12)/(-148))*1. Suppose -2*t + 5 = 5*j + 3*t, -5*j + 3*t + p = 0. Let i(c) = -j*c**2 + 10 - 2*c**2 + c**2 + 7*c - c**3 - 4. Determine i(-7).
6
Let d(g) be the second derivative of -g**4/12 - 4*g**3/3 + 7*g**2/2 + 3222*g - 6. Suppose -i - 2*j - 4 = 0, 3*i + 12 + 20 = 4*j. Determine d(i).
7
Let d(x) be the first derivative of -x**4/4 + 2*x**3 - 3*x - 188. Suppose 0 = 41*i - 35*i - 36. Determine d(i).
-3
Let a(k) = -k**2 - 14*k + 12. Let v be a(1). Let q(r) = -5*r + 5. Let w(t) = t + 3*t - 10 + 5*t. Let f(b) = v*w(b) - 5*q(b). Determine f(-4).
13
Let a(s) = s**2 - 7*s - 11. Let d be 1 + 16 + (-10 - -5). Let h be 4*(4 + (-3)/d). Suppose -h*j - 32 = -19*j. Calculate a(j).
-3
Let y(l) = -l**3 + 5*l**2 + 7*l - 4. Let s = -946 - -973. Suppose 0 = -4*c - 33 - 51. Let g = s + c. What is y(g)?
2
Let x(s) = -3*s**3 + s**2 + 4*s + 2. Let a be x(-1). Suppose -2*y - 4 = 3*b, -a*y + b - 5 = 15. Let c(g) = -2*g - 2. Determine c(y).
14
Suppose 300*l - 292*l = 216. Suppose 0 = -9*n - l. Let b(f) = -f**3 - 4*f**2 - 4*f - 7. Give b(n).
-4
Let g(s) = 16*s**3 - 9*s**2 - 14*s + 20. Let q(n) = -27*n**3 + 19*n**2 + 28*n - 38. Let v(i) = -5*g(i) - 3*q(i). Let b = -8 + 21. Calculate v(b).
1
Suppose -10*z + l = -7*z - 1499, 2*l - 2491 = -5*z. Let c(t) = 499 + t**2 - z - t**2 + 5*t**3. Suppose 2 = 3*i - 1. Calculate c(i).
5
Let y(p) be the first derivative of -p**4/4 - 3*p**3 + 9*p**2/2 - 6*p + 5. Suppose 29*l + 53 + 264 = 27. Give y(l).
4
Let z = 125 + -120. Let s(y) = -7*y**3 + 2*y**2 - 7*y + 10. Let k(p) = -10*p**3 + 3*p**2 - 10*p + 15. Let v(c) = z*k(c) - 7*s(c). What is v(0)?
5
Let n(a) be the third derivative of 0*a - 1/6*a**4 + 1 - 1/2*a**3 - 2*a**2. Determine n(4).
-19
Let y = 12 + -12. Suppose -6*m + y*m + 36 = 0. Let w(b) = 0*b**3 + b + 7*b - b**3 - 41 + 37 + 5*b**2. Calculate w(m).
8
Suppose 0 = 21*r - 21 - 42. Let k(j) = -6 + 18 + 5*j**2 - 7 - 8 - j**r + 2*j. Determine k(5).
7
Suppose 0 = -1167*u + 1174*u + 7. Let l(n) = n**2 - 3*n + 9. Let i(x) = -x - 1. Let z(d) = u*l(d) - 4*i(d). Determine z(8).
-13
Let c(s) = 2*s**2 + s + 1. Suppose 0 = 12*j - 6*j + 18. Let g be c(j). Let x(h) = h - 11*h**2 + 8*h**2 + 11 - g + 2*h**2. What is x(0)?
-5
Let z be 4440/1332 - (-2)/(-6). Let s(j) = 34*j + 22. What is s(z)?
124
Let g(w) = 63*w - 3. Let s be ((-3)/(-9))/(9/(-27))*1. Calculate g(s).
-66
Let c(k) = -k**2 + 25*k + 31. Let l(m) = m**2 - 29*m - 36. Let t(r) = -7*c(r) - 6*l(r). Let g = 8 + -3. Calculate t(g).
19
Let g(w) be the first derivative of -11*w**2/2 + 196*w + 126. What is g(19)?
-13
Let z(w) = w**2 + 4*w + 1. Let o(l) = 52*l**2 - 4*l. Let y be o(1). Let q = 51 - y. Let s be (((-4)/4)/(-1))/((-1)/q). Give z(s).
-2
Let z(a) = -a**3 + 14*a**2 + 30*a + 38. Let b = -6292 + 6308. Determine z(b).
6
Let z(q) be the second derivative of q**5/2 - q**3/6 - 44*q. Let p be 4/1 + 10*10/(-20). What is z(p)?
-9
Suppose 8*j = -20*j + 392. Suppose j*u - 48 = 6*u. Let n(p) be the second derivative of p**4/12 - p**3 + 3*p**2 - p. Give n(u).
6
Let c(y) = -26*y - 613*y**2 + 305*y**2 - 17 + 307*y**2. Let k be c(-25). Let m(l) = l**3 - 7*l**2 - 9*l + 7. What is m(k)?
-1
Let n(m) be the first derivative of m**5/60 - 11*m**4/24 + 3*m**3/2 - 11*m**2/2 - 64. Let o(q) be the second derivative of n(q). Calculate o(8).
-15
Let p(o) = 2*o**3 - 565*o**2 - 565*o**2 + 3*o + 1 + 1694*o**2 - 559*o**2. Let q(g) = g**3 + 12*g**2 + 12*g + 8. Let x be q(-11). Determine p(x).
-17
Suppose -2*j = 4*s - 20, 5*j = 19*s - 15*s - 6. Let r(p) be the second derivative of p**4/3 - p**3/3 + p**2/2 - 2*p. What is r(j)?
13
Suppose -q - 16 = -2*g, 3*q = -g + 4*q + 9. Suppose 0 = 5*y, -n + 0*y = 2*y - g. Let v(d) = 4*d**2 + 8*d - 12 - 5*d**2 + 9. Calculate v(n).
4
Suppose 3*z = -z + 8. Suppose z*p - 5*m - 27 = -0*m, -33 = -5*p + m. Let x(b) = 0 + p - 205*b + 202*b. Give x(5).
-9
Let i(f) = -f**3 + 17*f**2 - 33*f + 52. Let p = 5182 + -5167. Give i(p).
7
Let o(h) = 5 + 10 + 9 + h**3 - 20*h + 8*h**2 - 19. Let g be o(-10). Let u(z) = -z**3 + 5*z**2 + z - 7. Determine u(g).
-2
Let b(d) = 6*d**2 + 1. Let c = -109 + 67. Let i be 6/21 + (180/c)/(-6). Calculate b(i).
7
Let q(k) = 2*k - 5. Let o(b) = -b**3 - 9*b**2 + 11*b + 99. Suppose -2*l = 7*m - 11*m - 42, 0 = -4*m + l - 39. Let n be o(m). What is q(n)?
-5
Let b(d) = -7*d**2 + 25*d - 19. Let l(h) = 3*h**2 - 12*h + 7. Let s(v) = 2*b(v) + 5*l(v). What is s(5)?
-28
Suppose 0 = -4*l + 3*o + 45 - 69, -18 = 3*l + o. Let k(g) = -20*g - 114. Give k(l).
6
Let g(z) be the first derivative of z**5/20 + 5*z**4/12 - 5*z**3/6 + 5*z**2/2 - 4*z + 30. Let d(b) be the first derivative of g(b). Give d(-6).
-1
Let w = -527 - -540. Let n = 8 + -6. Let t(u) = 1 + 5*u**n - 6*u**2 + 16*u + 1 - w*u. What is t(-2)?
-8
Let z(c) = c**2 + 13*c + 1. Suppose 2*i - 36 = 8*i, k = 5*i + 15. Determine z(k).
31
Let n(x) be the third derivative of -x**4/8 - 3*x**2. Suppose 31 = m - 23. Suppose -5*j + m = 69. Determine n(j).
9
Let y(f) be the second derivative of -f**4/6 - f**3/2 - f**2 - f. Let t(d) = -8*d**2 - 3*d + 369. Let n be t(-7). Give y(n).
-4
Let o = -86 - 79. Let s be 30/o + 92/22. Let z(l) = -4*l - 3. What is z(s)?
-19
Let h(o) = 13*o + o - 9 + 4*o - o**2 + 3*o - 43. Calculate h(17).
16
Suppose -893 + 577 = -79*z. Let y(t) be the third derivative of 0 + 1/2*t**3 - 22*t**2 + 1/60*t**5 + 0*t**z + 0*t. Determine y(0).
3
Let b be (-11)/55 + 15492/10. Let x(a) = 2*a**2 - 2*a + 2*a**3 + 1549 - b. Suppose -4*z - 4 = 4. Give x(z).
-4
Let k(m) = -6*m - 35. Let n be k(7). Let z = 89 + n. Let h(d) = -2*d - 13 - z + 26. Determine h(3).
-5
Let c(o) = 4*o - 5. Let g = -287 - -320. Suppose 31*l - g*l + 12 = 0. Calculate c(l).
19
Suppose -117*d - 9 = -120*d. Let x(n) be the third derivative of -n**4/12 - n**3/6 + 88*n**2. Give x(d).
-7
Let f(d) = 2*d**3 - 5*d**2 - 3*d - 32. Suppose -6*o + 42 = 0, 3*o - 33 = -16*m + 13*m. Determine f(m).
4
Let a(t) be the first derivative of -t**4/12 - 7*t**3/6 + 7*t**2/2 + 63*t + 67. Let o(f) be the first derivative of a(f). What is o(-9)?
-11
Let q(d) = -d**2 + 13*d + 56. Suppose -